{"id":1285,"date":"2013-04-01T20:56:27","date_gmt":"2013-04-01T19:56:27","guid":{"rendered":"https:\/\/stmacairestandre.entransition.fr\/?page_id=1285"},"modified":"2016-07-11T22:41:36","modified_gmt":"2016-07-11T21:41:36","slug":"rejoindre-ou-creer-un-groupe-projet","status":"publish","type":"page","link":"https:\/\/stmacairestandre.entransition.fr\/?page_id=1285","title":{"rendered":"Rejoindre ou cr\u00e9er un groupe projet"},"content":{"rendered":"<p><img loading=\"lazy\" decoding=\"async\" class=\"alignleft size-full wp-image-1036\" src=\"https:\/\/stmacairestandre.entransition.fr\/wp-content\/uploads\/2011\/02\/logo-st-macaire-st-andr\u00e9-en-transition.jpg\" alt=\"logo st macaire st andr\u00e9 en transition\" width=\"172\" height=\"151\" \/><\/p>\n<p>Notre collectif a pour vocation \u00e0 s&rsquo;\u00e9largir au plus grand nombre.<\/p>\n<p>Pour nous rejoindre vous devez d&rsquo;abord \u00eatre en accord avec notre charte.<\/p>\n<p>Nous vous invitons alors \u00e0 nous envoyer un mail avec votre nom, pr\u00e9nom, commune, adresse mail ou t\u00e9l\u00e9phone et exprimer votre envie de :<\/p>\n<p>1) rejoindre un groupe projet existant<\/p>\n<p>2) cr\u00e9er un groupe sur un autre th\u00e8me &#8211; au moins une personne de ce nouveau groupe doit participer au Comit\u00e9 de Liaison.<\/p>\n","protected":false},"excerpt":{"rendered":"<p>Notre collectif a pour vocation \u00e0 s&rsquo;\u00e9largir au plus grand nombre. Pour nous rejoindre vous devez d&rsquo;abord \u00eatre en accord avec notre charte. Nous vous invitons alors \u00e0 nous envoyer un mail avec votre nom, pr\u00e9nom, commune, adresse mail ou t\u00e9l\u00e9phone et exprimer votre envie de : 1) rejoindre un groupe projet existant 2) cr\u00e9er <a class=\"more-link\" href=\"https:\/\/stmacairestandre.entransition.fr\/?page_id=1285\">Lire plus &#8230;<\/a><\/p>\n","protected":false},"author":2,"featured_media":0,"parent":0,"menu_order":0,"comment_status":"open","ping_status":"open","template":"","meta":{"footnotes":""},"class_list":["post-1285","page","type-page","status-publish","hentry"],"_links":{"self":[{"href":"https:\/\/stmacairestandre.entransition.fr\/index.php?rest_route=\/wp\/v2\/pages\/1285","targetHints":{"allow":["GET"]}}],"collection":[{"href":"https:\/\/stmacairestandre.entransition.fr\/index.php?rest_route=\/wp\/v2\/pages"}],"about":[{"href":"https:\/\/stmacairestandre.entransition.fr\/index.php?rest_route=\/wp\/v2\/types\/page"}],"author":[{"embeddable":true,"href":"https:\/\/stmacairestandre.entransition.fr\/index.php?rest_route=\/wp\/v2\/users\/2"}],"replies":[{"embeddable":true,"href":"https:\/\/stmacairestandre.entransition.fr\/index.php?rest_route=%2Fwp%2Fv2%2Fcomments&post=1285"}],"version-history":[{"count":3,"href":"https:\/\/stmacairestandre.entransition.fr\/index.php?rest_route=\/wp\/v2\/pages\/1285\/revisions"}],"predecessor-version":[{"id":1445,"href":"https:\/\/stmacairestandre.entransition.fr\/index.php?rest_route=\/wp\/v2\/pages\/1285\/revisions\/1445"}],"wp:attachment":[{"href":"https:\/\/stmacairestandre.entransition.fr\/index.php?rest_route=%2Fwp%2Fv2%2Fmedia&parent=1285"}],"curies":[{"name":"wp","href":"https:\/\/api.w.org\/{rel}","templated":true}]}}

Rejoindre ou créer un groupe projet

<p><img loading="lazy" decoding="async" class="alignleft size-full wp-image-1036" src="https://stmacairestandre.entransition.fr/wp-content/uploads/2011/02/logo-st-macaire-st-andré-en-transition.jpg" alt="logo st macaire st andré en transition" width="172" height="151" /></p>
<p>Notre collectif a pour vocation à s&rsquo;élargir au plus grand nombre.</p>
<p>Pour nous rejoindre vous devez d&rsquo;abord être en accord avec notre charte.</p>
<p>Nous vous invitons alors à nous envoyer un mail avec votre nom, prénom, commune, adresse mail ou téléphone et exprimer votre envie de :</p>
<p>1) rejoindre un groupe projet existant</p>
<p>2) créer un groupe sur un autre thème &#8211; au moins une personne de ce nouveau groupe doit participer au Comité de Liaison.</p>

<p>Notre collectif a pour vocation à s&rsquo;élargir au plus grand nombre. Pour nous rejoindre vous devez d&rsquo;abord être en accord avec notre charte. Nous vous invitons alors à nous envoyer un mail avec votre nom, prénom, commune, adresse mail ou téléphone et exprimer votre envie de : 1) rejoindre un groupe projet existant 2) créer <a class="more-link" href="https://stmacairestandre.entransition.fr/?page_id=1285">Lire plus &#8230;</a></p>
