{"id":1300,"date":"2013-04-01T21:35:38","date_gmt":"2013-04-01T20:35:38","guid":{"rendered":"https:\/\/stmacairestandre.entransition.fr\/?page_id=1300"},"modified":"2016-07-11T22:38:12","modified_gmt":"2016-07-11T21:38:12","slug":"le-jardin-partage-du-grand-cedre","status":"publish","type":"page","link":"https:\/\/stmacairestandre.entransition.fr\/?page_id=1300","title":{"rendered":"Le Jardin du Grand C\u00e8dre"},"content":{"rendered":"<p>Le jardin du grand c\u00e8dre est un jardin p\u00e9dagogique pour apprendre \u00e0 jardiner au naturel.<\/p>\n<p>Les volontaires sont les bienvenus.<\/p>\n<p>Vous trouverez le projet de ce jardin en cliquant ici : <a href=\"https:\/\/docs.google.com\/file\/d\/0B4Yvnur8Zl4QR1ZLLU0yQVpyTTQ\/edit?usp=sharing\">Projet du Jardin Partag\u00e9 du Grand C\u00e8dre<\/a>.<\/p>\n<p>Le blog pour suivre cette aventure :\u00a0<a href=\"http:\/\/jardin-grandcedre.blogspot.fr\/\">http:\/\/jardin-grandcedre.blogspot.fr\/<\/a><\/p>\n","protected":false},"excerpt":{"rendered":"<p>Le jardin du grand c\u00e8dre est un jardin p\u00e9dagogique pour apprendre \u00e0 jardiner au naturel. Les volontaires sont les bienvenus. Vous trouverez le projet de ce jardin en cliquant ici : Projet du Jardin Partag\u00e9 du Grand C\u00e8dre. Le blog pour suivre cette aventure :\u00a0http:\/\/jardin-grandcedre.blogspot.fr\/<\/p>\n","protected":false},"author":2,"featured_media":0,"parent":0,"menu_order":0,"comment_status":"open","ping_status":"open","template":"","meta":{"footnotes":""},"class_list":["post-1300","page","type-page","status-publish","hentry"],"_links":{"self":[{"href":"https:\/\/stmacairestandre.entransition.fr\/index.php?rest_route=\/wp\/v2\/pages\/1300","targetHints":{"allow":["GET"]}}],"collection":[{"href":"https:\/\/stmacairestandre.entransition.fr\/index.php?rest_route=\/wp\/v2\/pages"}],"about":[{"href":"https:\/\/stmacairestandre.entransition.fr\/index.php?rest_route=\/wp\/v2\/types\/page"}],"author":[{"embeddable":true,"href":"https:\/\/stmacairestandre.entransition.fr\/index.php?rest_route=\/wp\/v2\/users\/2"}],"replies":[{"embeddable":true,"href":"https:\/\/stmacairestandre.entransition.fr\/index.php?rest_route=%2Fwp%2Fv2%2Fcomments&post=1300"}],"version-history":[{"count":7,"href":"https:\/\/stmacairestandre.entransition.fr\/index.php?rest_route=\/wp\/v2\/pages\/1300\/revisions"}],"predecessor-version":[{"id":1443,"href":"https:\/\/stmacairestandre.entransition.fr\/index.php?rest_route=\/wp\/v2\/pages\/1300\/revisions\/1443"}],"wp:attachment":[{"href":"https:\/\/stmacairestandre.entransition.fr\/index.php?rest_route=%2Fwp%2Fv2%2Fmedia&parent=1300"}],"curies":[{"name":"wp","href":"https:\/\/api.w.org\/{rel}","templated":true}]}}

Le Jardin du Grand Cèdre

<p>Le jardin du grand cèdre est un jardin pédagogique pour apprendre à jardiner au naturel.</p>
<p>Les volontaires sont les bienvenus.</p>
<p>Vous trouverez le projet de ce jardin en cliquant ici : <a href="https://docs.google.com/file/d/0B4Yvnur8Zl4QR1ZLLU0yQVpyTTQ/edit?usp=sharing">Projet du Jardin Partagé du Grand Cèdre</a>.</p>
<p>Le blog pour suivre cette aventure : <a href="http://jardin-grandcedre.blogspot.fr/">http://jardin-grandcedre.blogspot.fr/</a></p>

<p>Le jardin du grand cèdre est un jardin pédagogique pour apprendre à jardiner au naturel. Les volontaires sont les bienvenus. Vous trouverez le projet de ce jardin en cliquant ici : Projet du Jardin Partagé du Grand Cèdre. Le blog pour suivre cette aventure : http://jardin-grandcedre.blogspot.fr/</p>
