{"id":1439,"date":"2016-07-11T22:33:02","date_gmt":"2016-07-11T21:33:02","guid":{"rendered":"https:\/\/stmacairestandre.entransition.fr\/?page_id=1439"},"modified":"2016-07-11T22:33:02","modified_gmt":"2016-07-11T21:33:02","slug":"groupes-de-travail","status":"publish","type":"page","link":"https:\/\/stmacairestandre.entransition.fr\/?page_id=1439","title":{"rendered":"Groupes de travail"},"content":{"rendered":"<p>Selon les id\u00e9es, projets et envies, des groupes de r\u00e9flexion se mettent en place sur des th\u00e8mes qui concernent notre quotidien : alimentation, habitat, \u00e9nergie, d\u00e9placements, \u00e9conomie locale&#8230;<\/p>\n<p>Chacun peut \u00eatre \u00e0 l&rsquo;initiative de la cr\u00e9ation d&rsquo;un nouveau groupe de r\u00e9flexion et de projet.<\/p>\n<p>&nbsp;<\/p>\n","protected":false},"excerpt":{"rendered":"<p>Selon les id\u00e9es, projets et envies, des groupes de r\u00e9flexion se mettent en place sur des th\u00e8mes qui concernent notre quotidien : alimentation, habitat, \u00e9nergie, d\u00e9placements, \u00e9conomie locale&#8230; Chacun peut \u00eatre \u00e0 l&rsquo;initiative de la cr\u00e9ation d&rsquo;un nouveau groupe de r\u00e9flexion et de projet. &nbsp;<\/p>\n","protected":false},"author":2,"featured_media":0,"parent":0,"menu_order":0,"comment_status":"closed","ping_status":"closed","template":"","meta":{"footnotes":""},"class_list":["post-1439","page","type-page","status-publish","hentry"],"_links":{"self":[{"href":"https:\/\/stmacairestandre.entransition.fr\/index.php?rest_route=\/wp\/v2\/pages\/1439","targetHints":{"allow":["GET"]}}],"collection":[{"href":"https:\/\/stmacairestandre.entransition.fr\/index.php?rest_route=\/wp\/v2\/pages"}],"about":[{"href":"https:\/\/stmacairestandre.entransition.fr\/index.php?rest_route=\/wp\/v2\/types\/page"}],"author":[{"embeddable":true,"href":"https:\/\/stmacairestandre.entransition.fr\/index.php?rest_route=\/wp\/v2\/users\/2"}],"replies":[{"embeddable":true,"href":"https:\/\/stmacairestandre.entransition.fr\/index.php?rest_route=%2Fwp%2Fv2%2Fcomments&post=1439"}],"version-history":[{"count":1,"href":"https:\/\/stmacairestandre.entransition.fr\/index.php?rest_route=\/wp\/v2\/pages\/1439\/revisions"}],"predecessor-version":[{"id":1441,"href":"https:\/\/stmacairestandre.entransition.fr\/index.php?rest_route=\/wp\/v2\/pages\/1439\/revisions\/1441"}],"wp:attachment":[{"href":"https:\/\/stmacairestandre.entransition.fr\/index.php?rest_route=%2Fwp%2Fv2%2Fmedia&parent=1439"}],"curies":[{"name":"wp","href":"https:\/\/api.w.org\/{rel}","templated":true}]}}

<p>Selon les idées, projets et envies, des groupes de réflexion se mettent en place sur des thèmes qui concernent notre quotidien : alimentation, habitat, énergie, déplacements, économie locale&#8230;</p>
<p>Chacun peut être à l&rsquo;initiative de la création d&rsquo;un nouveau groupe de réflexion et de projet.</p>
<p>&nbsp;</p>

<p>Selon les idées, projets et envies, des groupes de réflexion se mettent en place sur des thèmes qui concernent notre quotidien : alimentation, habitat, énergie, déplacements, économie locale&#8230; Chacun peut être à l&rsquo;initiative de la création d&rsquo;un nouveau groupe de réflexion et de projet. &nbsp;</p>
