{"id":675,"date":"2011-03-01T21:28:32","date_gmt":"2011-03-01T21:28:32","guid":{"rendered":"https:\/\/stmacairestandre.entransition.fr\/?page_id=675"},"modified":"2013-04-01T20:44:34","modified_gmt":"2013-04-01T19:44:34","slug":"le-petrole-notre-dependance-et-ses-consequences-2","status":"publish","type":"page","link":"https:\/\/stmacairestandre.entransition.fr\/?page_id=675","title":{"rendered":"Notre d\u00e9pendance au p\u00e9trole face au d\u00e9passement du pic de production"},"content":{"rendered":"<p style=\"text-align: justify;\">Le p\u00e9trole fait partie ind\u00e9niablement de nos vies. Nous avons un rapport passionnel avec lui, il n&rsquo;est qu&rsquo;\u00e0 voir les files d&rsquo;attente dans nos station-service d\u00e8s qu&rsquo;un probl\u00e8me d&rsquo;approvisionnement menace !<a href=\"https:\/\/stmacairestandre.entransition.fr\/wp-content\/uploads\/2011\/03\/peak-oil1.jpg\"><img loading=\"lazy\" decoding=\"async\" class=\"alignright size-thumbnail wp-image-749\" title=\"peak-oil\" src=\"https:\/\/stmacairestandre.entransition.fr\/wp-content\/uploads\/2011\/03\/peak-oil1-150x150.jpg\" alt=\"\" width=\"150\" height=\"196\" \/><\/a><\/p>\n<p style=\"text-align: justify;\">Or noir, sang de la terre : il a \u00e9t\u00e9 diabolis\u00e9 autant qu&rsquo;il a \u00e9t\u00e9 encens\u00e9&#8230; Il a \u00e9t\u00e9 le facteur indispensable de tous nos progr\u00e8s du XX\u00e8me si\u00e8cle jusqu&rsquo;\u00e0 aujourd&rsquo;hui au point qu&rsquo;un p\u00e9trole \u00e0 bas-prix est une n\u00e9cessit\u00e9 vitale \u00e0 notre \u00e9conomie.<\/p>\n<p style=\"text-align: justify;\">Notre \u00e9conomie est d\u00e9pendante du p\u00e9trole : carburants n\u00e9cessaires pour aller travailler ou faire ses courses, \u00e9conomie mondialis\u00e9e d\u00e9pendante des transports, industries gourmandes en d\u00e9riv\u00e9s du p\u00e9trole (plasturgie, automobile, informatique), agriculture intensive gourmande en engrais et pesticides faits \u00e0 base de p\u00e9trole, chauffage, bitumes routiers, m\u00e9dicaments, etc.<\/p>\n<p style=\"text-align: justify;\">Comme toute ressource, le p\u00e9trole est une ressource en quantit\u00e9 limit\u00e9e. Nous la consommons tr\u00e8s vite, alors qu&rsquo;il faut des millions d&rsquo;ann\u00e9es pour la fabrication \u00e0 base de mati\u00e8res organiques en d\u00e9composition et sous pression. Les d\u00e9couvertes de p\u00e9trole ont commenc\u00e9 \u00e0 diminuer \u00e0 partir des ann\u00e9es 60, c&rsquo;est le pic des d\u00e9couvertes. Ainsi, un moment ou un autre, la production va atteindre un maximum et d\u00e9cro\u00eetre, c&rsquo;est ce que les sp\u00e9cialistes appellent le\u00a0 pic p\u00e9trolier. La seule question qui divise n&rsquo;est pas s&rsquo;il aura lieu mais quand ? Les experts ne sont pas d&rsquo;accord et tablent entre 2007 et 2020. Selon, l&rsquo;Agence Internationale de l&rsquo;Energie (AIE), il aurait d\u00e9j\u00e0 eu lieu en 2006 : les donn\u00e9es ne sont pas toutes rendues publiques puisqu&rsquo;elles sont strat\u00e9giquement tr\u00e8s sensibles pour de nombreux pays, le temps nous permettra de le confirmer.<\/p>\n<p style=\"text-align: justify;\">Apr\u00e8s le pic, que se passera t-il ? La demande d\u00e9passera l&rsquo;offre, il n&rsquo;est pas besoin d&rsquo;\u00eatre un expert en \u00e9conomie pour comprendre que les prix vont monter, et de beaucoup. A cela va s&rsquo;ajouter aussi la n\u00e9cessit\u00e9 d&rsquo;augmenter les investissements pour extraire du p\u00e9trole moins accessible et entra\u00eenant de nombreuses pollutions. Toute notre \u00e9conomie \u00e9tant bas\u00e9e sur un p\u00e9trole peu cher, rapidement, les prix vont augmenter, entra\u00eenant une crise sans pr\u00e9c\u00e9dent et sans retour&#8230; dans notre syst\u00e8me \u00e9conomique actuel bas\u00e9 sur une croissance infinie.<\/p>\n<p style=\"text-align: justify;\">C&rsquo;est ce premier constat de notre d\u00e9pendance au p\u00e9trole et des cons\u00e9quences \u00e0 venir qui am\u00e8ne les initiatives de transition \u00e0 se constituer et \u00e0 l&rsquo;anticiper.<\/p>\n<p style=\"text-align: justify;\">Le cours du p\u00e9trole :\u00a0\u00a0<a href=\"http:\/\/prixdubaril.com\/\">http:\/\/prixdubaril.com\/<\/a><\/p>\n<p style=\"text-align: justify;\">Pour aller plus loin&#8230;<\/p>\n<p><em><span style=\"color: #0000ff;\">La question du pic p\u00e9trolier :<\/span><\/em><\/p>\n<p style=\"text-align: justify;\"><object classid=\"clsid:d27cdb6e-ae6d-11cf-96b8-444553540000\" width=\"425\" height=\"350\" codebase=\"http:\/\/download.macromedia.com\/pub\/shockwave\/cabs\/flash\/swflash.cab#version=6,0,40,0\"><param name=\"src\" value=\"http:\/\/www.youtube.com\/v\/bUo7_zOG8F8&amp;feature\" \/><embed type=\"application\/x-shockwave-flash\" width=\"425\" height=\"350\" src=\"http:\/\/www.youtube.com\/v\/bUo7_zOG8F8&amp;feature\"><\/embed><\/object><br \/>\n<em><span style=\"color: #0000ff;\"><br \/>\n<\/span><\/em><\/p>\n<p><em><span style=\"color: #0000ff;\">L&rsquo;interview de Benoit THEVARD par\u00a0L&rsquo;Agora de Bretagne\u00a0:<\/span><\/em><\/p>\n<p><a href=\"http:\/\/www.dailymotion.com\/video\/xp9l49_avec-la-fin-du-petrole-avons-nous-atteint-le-pic-de-croissance_news\" target=\"_blank\">Avec la fin du p\u00e9trole, avons-nous atteint le&#8230;<\/a> <em>par <a href=\"http:\/\/www.dailymotion.com\/lagoradeBretagne\" target=\"_blank\">lagoradeBretagne<\/a><\/em><br \/>\n<em><span style=\"color: #0000ff;\"><br \/>\n<\/span><\/em><\/p>\n<p><em><span style=\"color: #0000ff;\">\u00ab\u00a0P\u00e9trole, la f\u00eate est finie !\u00a0\u00bb\u00a0de Richard Heinberg &#8211; Ed. Demi Lunes<\/span><\/em><\/p>\n<p><a href=\"https:\/\/stmacairestandre.entransition.fr\/wp-content\/uploads\/2012\/01\/image-p\u00e9trole-f\u00eate-finie.jpg\"><img loading=\"lazy\" decoding=\"async\" title=\"image p\u00e9trole f\u00eate finie\" src=\"https:\/\/stmacairestandre.entransition.fr\/wp-content\/uploads\/2012\/01\/image-p\u00e9trole-f\u00eate-finie.jpg\" alt=\"\" width=\"300\" height=\"300\" \/><\/a>_<\/p>\n","protected":false},"excerpt":{"rendered":"<p>Le p\u00e9trole fait partie ind\u00e9niablement de nos vies. Nous avons un rapport passionnel avec lui, il n&rsquo;est qu&rsquo;\u00e0 voir les files d&rsquo;attente dans nos station-service d\u00e8s qu&rsquo;un probl\u00e8me d&rsquo;approvisionnement menace ! Or noir, sang de la terre : il a \u00e9t\u00e9 diabolis\u00e9 autant qu&rsquo;il a \u00e9t\u00e9 encens\u00e9&#8230; Il a \u00e9t\u00e9 le facteur indispensable de tous <a class=\"more-link\" href=\"https:\/\/stmacairestandre.entransition.fr\/?page_id=675\">Lire plus &#8230;<\/a><\/p>\n","protected":false},"author":2,"featured_media":0,"parent":0,"menu_order":1,"comment_status":"open","ping_status":"open","template":"","meta":{"footnotes":""},"class_list":["post-675","page","type-page","status-publish","hentry"],"_links":{"self":[{"href":"https:\/\/stmacairestandre.entransition.fr\/index.php?rest_route=\/wp\/v2\/pages\/675","targetHints":{"allow":["GET"]}}],"collection":[{"href":"https:\/\/stmacairestandre.entransition.fr\/index.php?rest_route=\/wp\/v2\/pages"}],"about":[{"href":"https:\/\/stmacairestandre.entransition.fr\/index.php?rest_route=\/wp\/v2\/types\/page"}],"author":[{"embeddable":true,"href":"https:\/\/stmacairestandre.entransition.fr\/index.php?rest_route=\/wp\/v2\/users\/2"}],"replies":[{"embeddable":true,"href":"https:\/\/stmacairestandre.entransition.fr\/index.php?rest_route=%2Fwp%2Fv2%2Fcomments&post=675"}],"version-history":[{"count":24,"href":"https:\/\/stmacairestandre.entransition.fr\/index.php?rest_route=\/wp\/v2\/pages\/675\/revisions"}],"predecessor-version":[{"id":677,"href":"https:\/\/stmacairestandre.entransition.fr\/index.php?rest_route=\/wp\/v2\/pages\/675\/revisions\/677"}],"wp:attachment":[{"href":"https:\/\/stmacairestandre.entransition.fr\/index.php?rest_route=%2Fwp%2Fv2%2Fmedia&parent=675"}],"curies":[{"name":"wp","href":"https:\/\/api.w.org\/{rel}","templated":true}]}}