{"id":707,"date":"2011-03-01T23:28:26","date_gmt":"2011-03-01T23:28:26","guid":{"rendered":"https:\/\/stmacairestandre.entransition.fr\/?page_id=707"},"modified":"2011-04-01T13:30:53","modified_gmt":"2011-04-01T13:30:53","slug":"notre-territoire-les-mauges-et-nos-deux-communes","status":"publish","type":"page","link":"https:\/\/stmacairestandre.entransition.fr\/?page_id=707","title":{"rendered":"Notre territoire : Les Mauges et nos deux communes"},"content":{"rendered":"<p><span style=\"text-decoration: underline;\"><strong>La transition a pris racine dans les Mauges !<\/strong><\/span><\/p>\n<p style=\"text-align: justify;\"><span style=\"text-decoration: underline;\"><em>Les Mauges<\/em><\/span><br \/>\nLes Mauges sont un territoire rural situ\u00e9 au c\u0153ur du triangle Nantes-Angers-Cholet (Ouest de la France). Le Pays des Mauges (territoire hors agglom\u00e9ration choletaise) est compos\u00e9 de 71 communes-125 000 habitants. Avec ses 81 hab\/km\u00b2 en moyenne, il se d\u00e9marque par une grande densit\u00e9 pour un territoire rural. Il est  fortement marqu\u00e9 tant par sa g\u00e9ographie que par son histoire.<\/p>\n<p style=\"text-align: justify;\">Marqu\u00e9 par ses rivi\u00e8res aux vall\u00e9es profondes, ses terres bocag\u00e8res sont d\u00e9limit\u00e9es par La Loire (au nord), le vignoble nantais (\u00e0 l&rsquo;ouest), le vignoble du Layon (\u00e0 l&rsquo;est), le haut-bocage vend\u00e9en (au sud). Son nom, aux origines controvers\u00e9es, signifierait le pays des mines : son sous-sol ne contient pas seulement de l&rsquo;argile mais on y compte aussi d&rsquo;anciennes mines d&rsquo;or et plus r\u00e9cemment, d&rsquo;uranium.<br \/>\nHistoriquement marqu\u00e9, tant au moyen-\u00e2ge en tant que zone frontali\u00e8re entre le Royaume de France, le Duch\u00e9 de Bretagne et le Poitou, que par sa fronde contre le centralisme r\u00e9publicain pendant les guerres de Vend\u00e9e, les Mauges ont longtemps \u00e9t\u00e9 un territoire ferm\u00e9 sur lui-m\u00eame.<br \/>\nSes seules richesses sont sa terre qui a permis le d\u00e9veloppement d&rsquo;une agriculture vivri\u00e8re et d&rsquo;un artisanat local. Pourtant, au XX\u00e8me si\u00e8cle, la mono-industrie s&rsquo;impose, d&rsquo;abord le textile (dont les mouchoirs de Cholet en sont le symbole) puis le cuir. De m\u00eame, l&rsquo;agriculture va se sp\u00e9cialiser vers l&rsquo;\u00e9levage de vaches laiti\u00e8res, les c\u00e9r\u00e9ales pour nourrir le b\u00e9tail, l&rsquo;\u00e9levage intensif de volailles et quelques vergers.<\/p>\n<p style=\"text-align: justify;\">Les crises du textile puis du cuir, ont montr\u00e9 la capacit\u00e9 des habitants des Mauges \u00e0 s&rsquo;adapter. De mono-industrie, les Mauges sont devenus un territoire \u00e0 l&rsquo;\u00e9conomie tr\u00e8s vari\u00e9e, riches de ses PME, commerces et services, capable d&rsquo;absorber les crises \u00e9conomiques avec un taux de ch\u00f4mage tr\u00e8s bas.<\/p>\n<p style=\"text-align: justify;\">Sur le plan politique, les Mauges sont aujourd\u2019hui coup\u00e9s entre le Pays des Mauges (rural) et la Communaut\u00e9 d&rsquo;Agglom\u00e9ration Choletaise (urbain). La question environnementale se pose de mani\u00e8re cruciale depuis quelques d\u00e9cennies : institutionnelle (CPIE) et citoyenne (Alternative D\u00e9chets des Mauges entre autres initiatives). Plusieurs AMAP et SELS ont \u00e9t\u00e9 aussi cr\u00e9\u00e9s sur ce territoire o\u00f9 les associations avaient d\u00e9j\u00e0 une place et un r\u00f4le importants.<\/p>\n<p style=\"text-align: justify;\"><span style=\"text-decoration: underline;\"><em>Deux communes du Sud Mauges (Communaut\u00e9 de Communes Moine et S\u00e8vre) : St Macaire en Mauges et St Andr\u00e9 de la Marche<\/em><\/span><br \/>\nNotre groupe transition est compos\u00e9 d&rsquo;habitants de deux communes du sud des Mauges : St Macaire en Mauges (6 700 habitants) et St Andr\u00e9 de la Marche (2 800 habitants).<br \/>\nSitu\u00e9es sur l&rsquo;axe Cholet \u2013 Nantes , l&rsquo;urbanisation galopante a conduit les agglom\u00e9rations de nos deux communes \u00e0 se rejoindre, formant ainsi un ensemble de presque 10 000 habitants. L&rsquo;unit\u00e9 politique n&rsquo;est pas effectu\u00e9e, pour autant les deux Plans Locaux d&rsquo;Urbanisme a \u00e9t\u00e9 \u00e9labor\u00e9 en parall\u00e8le entre les deux communes. Le d\u00e9veloppement industriel a \u00e9t\u00e9 tr\u00e8s important et la question de la sauvegarde des terres agricoles commence \u00e0 se poser s\u00e9rieusement.<\/p>\n","protected":false},"excerpt":{"rendered":"<p>La transition a pris racine dans les Mauges ! Les Mauges Les Mauges sont un territoire rural situ\u00e9 au c\u0153ur du triangle Nantes-Angers-Cholet (Ouest de la France). Le Pays des Mauges (territoire hors agglom\u00e9ration choletaise) est compos\u00e9 de 71 communes-125 000 habitants. Avec ses 81 hab\/km\u00b2 en moyenne, il se d\u00e9marque par une grande densit\u00e9 <a class=\"more-link\" href=\"https:\/\/stmacairestandre.entransition.fr\/?page_id=707\">Lire plus &#8230;<\/a><\/p>\n","protected":false},"author":2,"featured_media":0,"parent":0,"menu_order":0,"comment_status":"open","ping_status":"open","template":"","meta":{"footnotes":""},"class_list":["post-707","page","type-page","status-publish","hentry"],"_links":{"self":[{"href":"https:\/\/stmacairestandre.entransition.fr\/index.php?rest_route=\/wp\/v2\/pages\/707","targetHints":{"allow":["GET"]}}],"collection":[{"href":"https:\/\/stmacairestandre.entransition.fr\/index.php?rest_route=\/wp\/v2\/pages"}],"about":[{"href":"https:\/\/stmacairestandre.entransition.fr\/index.php?rest_route=\/wp\/v2\/types\/page"}],"author":[{"embeddable":true,"href":"https:\/\/stmacairestandre.entransition.fr\/index.php?rest_route=\/wp\/v2\/users\/2"}],"replies":[{"embeddable":true,"href":"https:\/\/stmacairestandre.entransition.fr\/index.php?rest_route=%2Fwp%2Fv2%2Fcomments&post=707"}],"version-history":[{"count":4,"href":"https:\/\/stmacairestandre.entransition.fr\/index.php?rest_route=\/wp\/v2\/pages\/707\/revisions"}],"predecessor-version":[{"id":741,"href":"https:\/\/stmacairestandre.entransition.fr\/index.php?rest_route=\/wp\/v2\/pages\/707\/revisions\/741"}],"wp:attachment":[{"href":"https:\/\/stmacairestandre.entransition.fr\/index.php?rest_route=%2Fwp%2Fv2%2Fmedia&parent=707"}],"curies":[{"name":"wp","href":"https:\/\/api.w.org\/{rel}","templated":true}]}}