{"id":710,"date":"2011-03-01T23:29:18","date_gmt":"2011-03-01T23:29:18","guid":{"rendered":"https:\/\/stmacairestandre.entransition.fr\/?page_id=710"},"modified":"2017-01-17T23:07:51","modified_gmt":"2017-01-17T22:07:51","slug":"origine-de-tt-st-macaire-st-andre","status":"publish","type":"page","link":"https:\/\/stmacairestandre.entransition.fr\/?page_id=710","title":{"rendered":"Origine de St Macaire &#8211; St Andr\u00e9 en Transition"},"content":{"rendered":"<p><span style=\"text-decoration: underline;\"><strong>D&rsquo;<em>Imagination Citoyenne<\/em> \u00e0 <em>Territoire en Transition St Macaire \u2013 St Andr\u00e9<\/em><\/strong><\/span><\/p>\n<p style=\"text-align: justify;\">Notre groupe est \u00e0 l&rsquo;image du territoire actuel : des gens du terroir et des gens de l&rsquo;ext\u00e9rieur, amen\u00e9s ici par la mobilit\u00e9 impos\u00e9e par la modernit\u00e9 ou la pression fonci\u00e8re des grandes agglom\u00e9rations si lointaines et si proches. Pourtant, tous avaient un point commun : une insatisfaction fortement ancr\u00e9e, un malaise diffus, le sentiment de vivre dans un monde qui marche sur la t\u00eate. Imagination Citoyenne (groupe informel cr\u00e9\u00e9 en 2008) a permis \u00e0 chacun de d\u00e9couvrir qu&rsquo;il n&rsquo;\u00e9tait pas seul \u00e0 ressentir ce malaise \u00ab\u00a0civilisationnel\u00a0\u00bb, il a \u00e9t\u00e9 un groupe de parole, un groupe-ressource pour certains. Nos envies \u00e9taient fort vari\u00e9es et l&rsquo;on peinait \u00e0 faire grossir notre groupe pour mettre en place des actions concr\u00e8tes. Ne plus \u00eatre de simples consommateurs, mieux respecter l&rsquo;environnement, reconstruire les solidarit\u00e9s, mieux-vivre ensemble, mettre l&rsquo;accent sur la vie locale : notre vision \u00e9tait ambitieuse mais comment mobiliser ?<\/p>\n<p style=\"text-align: justify;\">C&rsquo;est en juin 2010 qu&rsquo;un membre du groupe, lecteur de la revue <a href=\"http:\/\/www.revuesilence.net\/\">SILENCE<\/a> a lu un premier article sur les Villes en Transition et a approfondi la connaissance de ce mouvement durant l&rsquo;\u00e9t\u00e9. D\u00e8s septembre, Imagination Citoyenne a accueilli le mouvement transition de mani\u00e8re tr\u00e8s favorable, le voyant comme r\u00e9ponse \u00e0 tous nos doutes et questions : un constat clair et mobilisateur, une m\u00e9thode, un r\u00e9seau soutenant, un \u00e9tat d&rsquo;esprit positif malgr\u00e9 le pessimisme de la r\u00e9alit\u00e9&#8230;<\/p>\n<p style=\"text-align: justify;\">Novembre 2010 : Territoire en Transition St Macaire \u2013 St Andr\u00e9 se r\u00e9unit pour la premi\u00e8re fois. Il est compos\u00e9 de sept membres.<\/p>\n<p style=\"text-align: justify;\"><strong><span style=\"text-decoration: underline;\"><em>Groupe de lancement<\/em><\/span><\/strong><\/p>\n<p style=\"text-align: justify;\">Le Groupe de Lancement \u00e9tait compos\u00e9 de sept habitants des nos deux communes, St Macaire en Mauges et St Andr\u00e9 de la Marche.<\/p>\n<p style=\"text-align: justify;\">Il a contribu\u00e9 \u00e0 sensibiliser localement et \u00e0 animer le grand lancement du 10-11-12. Pass\u00e9 le bilan de cette journ\u00e9e, dans l&rsquo;esprit du mouvement transition, le comit\u00e9 de lancement s\u2019est auto-dissous le 14 novembre puisque la Transition appartient \u00e0 toutes et \u00e0 tous.<\/p>\n<p style=\"text-align: justify;\">\n","protected":false},"excerpt":{"rendered":"<p>D&rsquo;Imagination Citoyenne \u00e0 Territoire en Transition St Macaire \u2013 St Andr\u00e9 Notre groupe est \u00e0 l&rsquo;image du territoire actuel : des gens du terroir et des gens de l&rsquo;ext\u00e9rieur, amen\u00e9s ici par la mobilit\u00e9 impos\u00e9e par la modernit\u00e9 ou la pression fonci\u00e8re des grandes agglom\u00e9rations si lointaines et si proches. Pourtant, tous avaient un point <a class=\"more-link\" href=\"https:\/\/stmacairestandre.entransition.fr\/?page_id=710\">Lire plus &#8230;<\/a><\/p>\n","protected":false},"author":2,"featured_media":0,"parent":0,"menu_order":0,"comment_status":"open","ping_status":"open","template":"","meta":{"footnotes":""},"class_list":["post-710","page","type-page","status-publish","hentry"],"_links":{"self":[{"href":"https:\/\/stmacairestandre.entransition.fr\/index.php?rest_route=\/wp\/v2\/pages\/710","targetHints":{"allow":["GET"]}}],"collection":[{"href":"https:\/\/stmacairestandre.entransition.fr\/index.php?rest_route=\/wp\/v2\/pages"}],"about":[{"href":"https:\/\/stmacairestandre.entransition.fr\/index.php?rest_route=\/wp\/v2\/types\/page"}],"author":[{"embeddable":true,"href":"https:\/\/stmacairestandre.entransition.fr\/index.php?rest_route=\/wp\/v2\/users\/2"}],"replies":[{"embeddable":true,"href":"https:\/\/stmacairestandre.entransition.fr\/index.php?rest_route=%2Fwp%2Fv2%2Fcomments&post=710"}],"version-history":[{"count":7,"href":"https:\/\/stmacairestandre.entransition.fr\/index.php?rest_route=\/wp\/v2\/pages\/710\/revisions"}],"predecessor-version":[{"id":1447,"href":"https:\/\/stmacairestandre.entransition.fr\/index.php?rest_route=\/wp\/v2\/pages\/710\/revisions\/1447"}],"wp:attachment":[{"href":"https:\/\/stmacairestandre.entransition.fr\/index.php?rest_route=%2Fwp%2Fv2%2Fmedia&parent=710"}],"curies":[{"name":"wp","href":"https:\/\/api.w.org\/{rel}","templated":true}]}}